= -2*b**3 - 15*b**2 + 87*b + 522. Give p(-9).
-18
Let l(m) = 2*m**2 + 423*m + 14010. What is l(-42)?
-228
Let j(p) = 59*p**2 - 10493*p - 1683. Give j(178).
-81
Let j(k) = 139*k - 2348. What is j(15)?
-263
Let k(s) = -2*s**2 - 177*s + 4849. What is k(23)?
-280
Let u(y) = -308*y - 107000. What is u(-347)?
-124
Let h(n) = 7260*n - 225606. Give h(31).
-546
Let t(x) = x**3 - 143*x**2 + 3202*x + 2073. Give t(115).
3
Let r(h) = -2*h**2 + 40*h + 236. Determine r(-18).
-1132
Let m(d) = -d**2 + 176*d - 733. Determine m(173).
-214
Let d(v) = -7909*v - 363801. Give d(-46).
13
Let t(h) = -2*h**2 + 52*h - 147. Determine t(9).
159
Let j(x) = x**2 - 205*x + 2019. Calculate j(10).
69
Let h(q) = q**3 + 5*q**2 - 362*q - 3296. Give h(-13).
58
Let q(p) = 230*p + 2505. What is q(-11)?
-25
Let y(s) = 31*s**2 - 445*s - 3791. Determine y(-6).
-5
Let j(g) = -g**2 - 355*g - 8660. Give j(-25).
-410
Let v(a) = -17164*a - 205946. What is v(-12)?
22
Let l(q) = -743*q + 199118. Calculate l(268).
-6
Let z(x) = -6*x**2 + 11*x + 504. Determine z(-11).
-343
Let q(t) = 30*t**2 - 515*t - 490. What is q(18)?
-40
Let r(t) = 2*t**3 + 22*t**2 + 2*t - 34. Calculate r(-11).
-56
Let w(m) = -81*m + 5071. Calculate w(36).
2155
Let t(k) = -66*k**2 - 2994*k - 1005. What is t(-45)?
75
Let s(j) = -176852*j - 26881506. Calculate s(-152).
-2
Let z(n) = -55*n**3 + 1644*n**2 + 176*n + 123. Calculate z(30).
3
Let q(o) = 1587*o - 33767. Calculate q(19).
-3614
Let t(v) = 117*v - 1317. Give t(9).
-264
Let m(x) = 6*x**2 - 1243*x - 97822. Calculate m(268).
-2
Let n(p) = -5*p**2 - 749*p - 8937. Calculate n(-13).
-45
Let z(q) = q**3 - 30*q**2 + 38*q - 2139. Calculate z(31).
0
Let t(r) = -r**3 + 5*r**2 + 366*r - 2765. Calculate t(17).
-11
Let r(n) = -42435*n - 41989. Give r(-1).
446
Let c(g) = -12457*g - 348770. Calculate c(-28).
26
Let b(w) = -w**2 + 10*w + 16590. Calculate b(-124).
-26
Let h(f) = 2*f**3 + 66*f**2 + 23*f + 1034. Determine h(-33).
275
Let v(r) = -3*r**3 - 68*r**2 + 244*r + 86. Give v(4).
-218
Let a(g) = 184*g**2 + 3527*g + 588. Give a(-19).
-1
Let l(v) = 47*v + 7979. Give l(-169).
36
Let l(v) = 1185*v - 21309. Calculate l(18).
21
Let m(w) = 1494*w**3 + 1488*w**2 - 6*w - 7. Give m(-1).
-7
Let z(l) = -5*l**2 + 1943*l + 2765. What is z(390)?
35
Let w(g) = -2*g**3 - 52*g**2 - 110*g - 175. What is w(-26)?
2685
Let y(n) = -n**3 + 359*n**2 + 982*n - 310. What is y(-3)?
2
Let y(h) = h**2 + 8033*h - 347261. What is y(43)?
7
Let c(t) = -35*t**3 + 41*t**2 - 5562*t + 5561. Calculate c(1).
5
Let b(a) = -2*a**2 + 2*a + 217. Calculate b(-29).
-1523
Let t(l) = -l**3 + 29*l**2 + 245*l - 165. Determine t(36).
-417
Let m(n) = -64*n + 34. Calculate m(-13).
866
Let q(h) = 123*h + 9654. What is q(-73)?
675
Let b(u) = 53*u**2 + 3121*u - 375. Calculate b(-59).
-21
Let z(h) = 502*h - 350. Give z(1).
152
Let i(d) = d**3 - d**2 - 587*d - 1737. Calculate i(-3).
-12
Let r(a) = -2*a**3 + 674*a**2 + 34382*a - 740. Calculate r(382).
24
Let a(p) = -50526*p - 3385244. Calculate a(-67).
-2
Let o(g) = -2*g**2 - 229*g - 4005. Calculate o(-91).
272
Let a(z) = -z**2 - 1132*z - 9988. Calculate a(-9).
119
Let c(q) = 1361*q - 16483. Determine c(12).
-151
Let q(z) = -1158*z + 367079. Determine q(317).
-7
Let j(l) = l**3 + 224*l**2 - 2717*l + 86335. What is j(-237)?
67
Let j(i) = -187*i**2 + 865*i - 103. Give j(4).
365
Let v(j) = j**3 + 37*j**2 - 169*j - 266. Determine v(-41).
-61
Let f(r) = -22753*r - 5073880. Calculate f(-223).
39
Let r(l) = -774*l - 175694. Give r(-227).
4
Let m(h) = h**3 + 166*h**2 - 631*h - 77481. Calculate m(-167).
7
Let y(r) = 1256773*r - 5027092. Give y(4).
0
Let h(g) = 283*g + 942. What is h(-3)?
93
Let d(l) = -4106*l + 20232. Determine d(5).
-298
Let x(k) = -1420*k - 154891. Determine x(-109).
-111
Let p(b) = -1066*b + 655566. Calculate p(615).
-24
Let n(k) = -120*k - 4949. What is n(-39)?
-269
Let y(o) = 15*o**3 - 2*o**2 - 109*o - 485. What is y(-5)?
-1865
Let u(p) = -4*p**2 - 806*p + 22816. Determine u(29).
-3922
Let s(b) = -26*b**2 + 4128*b + 947. Determine s(159).
-7
Let t(j) = -4*j**3 - 9*j**2 - 19*j - 15. Calculate t(-3).
69
Let u(l) = 28*l + 2020. Calculate u(-68).
116
Let k(m) = 8*m**3 + 3*m**2 + 332*m + 1012. Determine k(-3).
-173
Let o(u) = -158340*u - 158364. Determine o(-1).
-24
Let b(o) = -54185*o - 270424. Calculate b(-5).
501
Let o(j) = -9*j**3 - 24*j**2 + 1287*j + 1312. Give o(-1).
10
Let r(a) = 3*a**3 + 259*a**2 - 721*a - 42. Determine r(-89).
759
Let l(s) = -156*s + 420. Calculate l(16).
-2076
Let t(z) = 9*z**3 - 697*z**2 + 303*z + 297. Determine t(77).
-88
Let u(y) = 4769*y - 319613. Give u(67).
-90
Let y(n) = 25655*n - 2026740. Give y(79).
5
Let o(b) = 9*b + 648. What is o(-87)?
-135
Let a(o) = -o**2 - 2*o + 3139. Calculate a(-60).
-341
Let j(p) = -p**3 - 10*p**2 + 242*p - 452. What is j(-22)?
32
Let x(a) = a**3 - 8468*a - 426. Give x(0).
-426
Let c(i) = i**3 + 96*i**2 - 206*i - 903. Calculate c(-98).
77
Let v(n) = -17225*n - 9818294. Determine v(-570).
-44
Let g(p) = -74678*p + 317. What is g(0)?
317
Let d(k) = -k**2 - 63038*k - 567245. Determine d(-9).
16
Let k(l) = -2*l**3 - 113*l**2 + 131*l - 2483. What is k(-58)?
11
Let t(j) = -j**3 - 29*j**2 + 145*j + 365. Calculate t(-33).
-64
Let g(s) = s**3 + 19*s**2 + 3500*s + 62612. Determine g(-18).
-64
Let u(m) = 7*m**3 - 1149*m**2 - 991*m + 184. Determine u(165).
19
Let o(v) = -1216*v - 2834. Give o(-4).
2030
Let c(j) = j**2 + 1646*j - 36521. Calculate c(22).
175
Let w(g) = -g**3 - 60*g**2 + 4477*g + 268550. Give w(-67).
14
Let b(t) = -60465*t + 181876. Determine b(3).
481
Let z(l) = -2*l**2 - 5622*l + 164728. Give z(29).
8
Let f(v) = -v**3 - 48*v**2 - 337*v + 58. Give f(-10).
-372
Let j(v) = -3*v**2 - 7260*v - 43492. Determine j(-6).
-40
Let q(c) = -3*c**3 - 985*c**2 + 1987*c - 10. Give q(2).
0
Let q(b) = -596190*b + 53060909. What is q(89)?
-1
Let s(y) = -14*y**3 - 101*y**2 + 80*y + 13. What is s(-8)?
77
Let z(u) = -166*u**2 - 6878*u + 30162. Determine z(4).
-6
Let w(h) = 27*h**2 - 2640*h - 631. Determine w(98).
-43
Let f(n) = 5009*n + 24050. Calculate f(-5).
-995
Let y(b) = b**3 - 10*b**2 - 44*b + 261. Determine y(5).
-84
Let u(k) = -21*k**2 + 1735*k - 1731. What is u(1)?
-17
Let s(q) = -q**3 - 1317*q**2 + 57073*q - 6791. Give s(-1359).
4
Let c(l) = -l**3 + 76*l**2 - 42*l - 2946. What is c(75)?
-471
Let t(v) = v**3 + 20*v**2 - 18*v + 996. Give t(-22).
424
Let g(p) = -p**3 - 30*p**2 - 11*p + 590. Calculate g(-29).
68
Let o(t) = -41*t**2 - 372*t - 99. Determine o(-9).
-72
Let n(i) = i**3 + 31*i**2 + 115*i + 430. What is n(-27)?
241
Let i(x) = x**3 + 22*x**2 - 347*x - 211. Determine i(-33).
-739
Let c(r) = -84*r**2 - 2543*r + 521. Calculate c(-30).
1211
Let l(q) = 301*q + 4822. What is l(-21)?
-1499
Let c(q) = -q**3 - 236*q**2 + 716*q - 747. Determine c(-239).
-508
Let f(h) = -4*h**2 + 16*h + 339. What is f(13)?
-129
Let d(b) = -2*b**2 + 225*b + 41696. What is d(212)?
-492
Let s(j) = 136*j**2 + 624*j + 1823. Give s(-3).
1175
Let q(t) = 3*t**3 + 2*t**2 - 326361*t + 326360. What is q(1)?
4
Let d(v) = v**2 - 1786*v + 326918. What is d(207)?
65
Let u(n) = 7026*n**2 + 49182*n + 38. Determine u(-7).
38
Let u(k) = 8913*k - 2807540. What is u(315)?
55
Let m(h) = 332*h + 341. Calculate m(3).
1337
Let y(l) = l**3 - 412*l**2 - 4261*l - 48. Calculate y(-10).
362
Let d(t) = t**2 + 7699*t + 1265139. Calculate d(-168).
-69
Let v(z) = 253*z - 77416. What is v(306)?
2
Let z(c) = -c**2 + 226*c - 6039. Determine z(31).
6
Let p(j) = -53743*j**2 + 268713*j + 4. Give p(5).
-6
Let r(m) = -487*m + 46687. What is r(96)?
-65
Let f(r) = 6*r**3 - 9*r**2 + 10451*r - 20899. Determine f(2).
15
Let b(o) = o**2 + 160*o + 5974. What is b(-58)?
58
Let n(s) = 5973*s + 477830. Calculate n(-80).
-10
Let l(w) = 289*w**2 + 8088*w - 7. Determine l(-28).
105
Let k(o) = 39523*o + 474282. What is k(-12)?
6
Let x(n) = -9*n**3 + 714*n**2 - 158*n - 783. Give x(79).
5458
Let d(m) = 10485*m - 126556. Determine d(12).
-736
Let r(x) = -801*x + 4807. What is r(6)?
1
Let d(l) = 1487*l - 49059. What is d(33)?
12
Let w(c) = c**3 + 29*c**2 - 205*c - 3093. Determine w(-32).
395
Let n(r) = -13*r**2 - 1774*r - 10168. What is n(-6)?
8
Let h(i) = 1271*i + 2577. Calculate h(-2).
35
Let n(m) = -m**3 - 24*m**2 - 30*m - 827. Calculate n(-24).
-107
Let q(z) = -z**3 + 155*z**2 - 454*z - 544. What is 